 of -l**4/4 - 2*l**3 + 5*l**2/2 + 4*l + 4. List the prime factors of f(-7).
2, 3
Let w = 13 + -18. Let m be w + 0/(-1 + 2). What are the prime factors of 212/20 + (-2)/m?
11
Suppose 5*u + 3*d = 186, -3*u + 152 = u + 4*d. List the prime factors of u.
2, 3
Suppose t - 5*j - 26 = -4*j, -5*t + 112 = j. List the prime factors of t.
23
Suppose 4*r + 20 = 4*s, -3*r + 4*s + 7 = 21. Let l(h) be the second derivative of h**5/20 + 7*h**4/12 + 5*h**3/6 - h**2 + h. What are the prime factors of l(r)?
2
Suppose 4*z - v = -7, 5*z - z - 3 = 3*v. Let t = z + 2. List the prime factors of (15 + t)/(4/2).
7
Let f = 19 + -13. Let y(l) = 2*l - 8. Let j be y(f). Suppose j*d - 59 = -15. List the prime factors of d.
11
Suppose 0 = i - 9 + 1. Let l = i - 6. What are the prime factors of l?
2
Let m = -6 + 2. Let v = 16 - m. List the prime factors of v.
2, 5
Suppose -j + 6 = 2*j. Suppose 4*h = 0, j*h = -5*c + 8 + 27. Suppose 3*l - 4*i + c = 0, 3*l - 6 = -2*i + 11. What are the prime factors of l?
3
Let x(d) = -d**3 + 4*d**2 + 5*d - 3. List the prime factors of x(4).
17
What are the prime factors of ((20/12)/(-5))/((-2)/870)?
5, 29
Suppose m + 5 = 3*n, 6*n = -2*m + 2*n - 30. Let g = 30 + m. Suppose -3*s - 2 = 2*w - g, -5*w - 5*s + 50 = 0. What are the prime factors of w?
13
Suppose -4*y + 3*c + 297 = 4*c, 0 = 3*y + 5*c - 227. Let k = y - 25. What are the prime factors of k?
7
Suppose c - 14 = -c. Suppose -3*n + 32 = -c. What are the prime factors of n?
13
List the prime factors of 19/4*(13 + -9).
19
Suppose -g + 5*g = 84. Suppose -2*j + 0*j = -5*c + 10, 0 = 5*j - c - g. Suppose -5*s - j = -m, 0*s = -4*m - 5*s + 20. What are the prime factors of m?
5
Suppose -4 - 16 = -5*k, -k + 6 = 2*x. Let u be (-24)/11 - (-10)/55. What are the prime factors of -10*2*x/u?
2, 5
Let j be 18*1*(2 + -3). List the prime factors of ((-99)/j)/(1/4).
2, 11
Let s(m) be the first derivative of -m**3/3 + 11*m**2/2 + 6*m - 7. What are the prime factors of s(9)?
2, 3
What are the prime factors of 730/20 + 1/(-2)?
2, 3
Suppose -4*s + 111 = -21. Suppose -2*k - 5*p + s = -10, 39 = 2*k + p. What are the prime factors of k?
19
Suppose 0 = -4*l + 12 + 204. What are the prime factors of l?
2, 3
Suppose 4*q - 4*y = -y + 24, 3*q = -y + 18. Suppose -3*b + 13 - 1 = 0. Suppose b*p + q = 14. List the prime factors of p.
2
Let k be -2*((-38)/4 - -3). Let l = k - 11. What are the prime factors of l?
2
Let x = 3 + 7. Let g be x/(-35) - 65/(-7). What are the prime factors of (3/g)/((-2)/(-24))?
2
Let i(g) = 4*g - 5. Let q be 8/6*27/18. Suppose -q*l + 6 = -2. What are the prime factors of i(l)?
11
List the prime factors of 1635/20 + 4/16.
2, 41
Suppose v - 160 = 3*s, 4*s + 640 = 4*v + s. List the prime factors of v.
2, 5
Let n = 18 + 3. What are the prime factors of n?
3, 7
Let u(h) = 11*h**2 - 4*h - 1. Let a(v) = 11*v**2 - 5*v - 1. Let l(q) = -3*a(q) + 4*u(q). List the prime factors of l(-1).
11
Suppose 7 = -2*a - f, 5*f + 9 = 2*f. Let b be (a - (-6)/2) + -14. Let u = 27 + b. What are the prime factors of u?
2, 7
Suppose -2*l + n - 6*n = -25, -l - 4*n + 17 = 0. Suppose -2*b + 15 = 3*b, 0 = -4*f + l*b + 69. What are the prime factors of f?
3, 7
Suppose -4*l = -17 - 75. What are the prime factors of l?
23
List the prime factors of (2 - 0)/(14/371).
53
What are the prime factors of 14*(-10)/(-8) - (-6)/(-4)?
2
Let r = -61 + 116. Suppose 102 = 10*a + 452. Let s = r + a. List the prime factors of s.
2, 5
List the prime factors of ((-232)/32)/((-1)/4).
29
Let n = 35 + -23. Let j = 15 + n. What are the prime factors of j?
3
Let k(f) = -f + 8. Suppose 0 = 3*y - 0 + 18. List the prime factors of k(y).
2, 7
Let u = 8 + -6. Suppose k + 17 = u*k. List the prime factors of k.
17
Suppose -14 = -w + 6. Let l = w + 8. What are the prime factors of l?
2, 7
Let s be (-2)/(-12) + 170/(-12). Let o = 10 - s. What are the prime factors of o?
2, 3
Let w = 69 + -33. Suppose q = s + 3*s + w, 0 = -5*q - 5*s + 180. List the prime factors of q.
2, 3
Suppose -18 - 5 = h. Let q = h + 34. What are the prime factors of 2/((-31)/q + 3)?
11
Let j(b) be the second derivative of -b**7/2520 - b**6/120 - b**5/30 + b**4/12 - b. Let t(n) be the third derivative of j(n). List the prime factors of t(-3).
5
Let y = -21 + 30. What are the prime factors of y?
3
Suppose 2*h + 13 = 77. List the prime factors of h.
2
Suppose i = -0*a + 3*a + 87, -2*i + 2*a + 194 = 0. What are the prime factors of i?
2, 3, 17
Let b = 84 - 58. Suppose 0 = 4*u - x + 51, -2*u + x - 13 = -2*x. Let s = u + b. List the prime factors of s.
2, 3
What are the prime factors of ((-2)/1)/((-20)/50)?
5
Let s = 3 + 2. Suppose -3 = -4*h + s*w + 9, -2*w + 8 = 0. List the prime factors of h.
2
Let b = -253 - -175. What are the prime factors of (b/(-8))/(15/40)?
2, 13
Suppose 2*f - 6 = 26. Let g = 0 + f. What are the prime factors of g?
2
Suppose -55 = -2*q - 13. List the prime factors of q.
3, 7
Let r(n) = -n**3 + 10*n**2 - 4*n - 12. What are the prime factors of r(9)?
3, 11
Let q(u) = u**3 - 3*u**2 - u + 5. Let x be q(4). Suppose 2*a - 2*r + 4 = 0, -5*a - x = 4*r + 11. Let n(c) = -c + 1. What are the prime factors of n(a)?
5
Let a = 106 + -58. What are the prime factors of a?
2, 3
Let j = 38 - -133. List the prime factors of j.
3, 19
Suppose 0*l + l = 5*u + 114, l - 94 = -5*u. What are the prime factors of l?
2, 13
Let n be 119/4 - (-1)/4. List the prime factors of (-1)/(-1 + n/33).
11
Let f(o) = -3*o + 1. Let b be f(-1). Let l be (4 + -2)/(b/94). Let r = -30 + l. What are the prime factors of r?
17
Suppose 20 = 2*u + 3*u. Suppose -3*o = -3*h + 15, u*o - 2 = -10. What are the prime factors of h?
3
Let o(g) = g**2 + g + 18. Let l be o(0). Suppose l = 2*m - 4. List the prime factors of m.
11
Let m = -2 - -11. Suppose -4*t + m*t - 30 = 0. List the prime factors of t.
2, 3
Let q = 15 + -10. Suppose -13 = -q*y + 2. Suppose 0 = s - 9 + y. What are the prime factors of s?
2, 3
Suppose 24 + 2 = -t. Let u = 44 + t. List the prime factors of u.
2, 3
Suppose -5*o + 2 - 22 = 0. Let z = o + -8. What are the prime factors of (-4)/z + 50/3?
17
Let t be (1 + 0)/(5/245). Let p = 29 - t. What are the prime factors of (-18)/(-15)*p/(-2)?
2, 3
Suppose -4*y - 5*b + 140 + 90 = 0, 49 = y - 3*b. List the prime factors of y.
5, 11
Let y be (6/4)/((-1)/2). What are the prime factors of y/5*(-12 + -3)?
3
Suppose -5*d = -10 - 10. Let w(h) be the first derivative of 3*h**2/2 - 6*h - 6. What are the prime factors of w(d)?
2, 3
Let i = -13 - -8. Let c = i + 12. Let w = c + 4. What are the prime factors of w?
11
Suppose -117 = 2*s - 5*s. List the prime factors of s.
3, 13
Suppose 5*h = 4*k - 31, -5*h - 9 = -2*h. Let g = 4 - k. Suppose -7 = -z - g. List the prime factors of z.
7
Suppose 4*y + 0*y = -4*i, -2 = -2*i. Let k = 3 + y. Suppose j + k = 2*j. List the prime factors of j.
2
Let x be (-1 + 0)/((-5)/10). Suppose -o = -x - 8. Let b = 20 - o. What are the prime factors of b?
2, 5
Let l(h) = -h**3 + h**2 + 4*h + 3. Let i be l(-2). Let p = i + -1. Suppose 3*z = -a + p*a - 61, -3*a + 39 = -3*z. What are the prime factors of a?
11
Let u be 4/(-6) + 968/(-6). Let t be u/(-39) + 2/(-13). What are the prime factors of (t/1)/(1/2)?
2
Suppose 0 = -d - d - 50. Let x = d + 52. List the prime factors of x.
3
Let h(s) = -s**2 + 9*s - 4. Suppose 0 = -3*l - 0*l + 12. Let a be 6 + (l - 2/1). List the prime factors of h(a).
2
Suppose w - 102 = -3*d, 3*w + 0*w = -2*d + 271. What are the prime factors of w?
3, 29
Suppose 13 + 357 = 5*t + 5*c, t = -3*c + 82. List the prime factors of t.
2, 5, 7
Let f(n) = n + 4. Let u be f(0). Let j = 4 - u. Suppose -3*z - 3*l = -z - 9, j = 2*z - 5*l - 17. List the prime factors of z.
2, 3
Suppose 2*y - 2 = 8. Suppose 3 = a - 0*a - y*q, -2*q = -2. What are the prime factors of a?
2
Let w = -106 - -200. List the prime factors of w.
2, 47
Let n = 1 - -3. Suppose -3 = -y - 2*y, -4*w = -n*y - 96. What are the prime factors of w?
5
Suppose -c + 12 = 2*c. Suppose -c*l + 108 = -0*l. What are the prime factors of l?
3
List the prime factors of (-4)/(-3)*(7 - 1).
2
Suppose 5*n = -5*h + 25, 4*h + 2*n = 7*n + 20. Suppose 30 = h*t - 145. Suppose 5*b - 3*d - 86 = -30, 3*d - t = -2*b. List the prime factors of b.
13
Let w(s) be the second derivative of -s**4/12 - 5*s**3/3 - 7*s**2/2 + s. What are the prime factors of w(-8